235 - 437 = -4*b. What are the prime factors of b?
2, 3, 7
Let h(s) = s**2 - 6*s - 1. Let q be h(5). Let x = q + 8. Suppose -l + x = -5. List the prime factors of l.
7
Let v = -13 - -45. What are the prime factors of v?
2
Let j = -17 - -20. List the prime factors of j.
3
List the prime factors of (-1)/(5680/(-1135) - -5).
227
Let s = 24 - 7. Let d = s + -8. List the prime factors of d.
3
Suppose 4*l - 77 = 155. What are the prime factors of l?
2, 29
Suppose 2*j - 6*j - 28 = -5*y, 6 = -y - 5*j. List the prime factors of (-30*(-2)/y)/1.
3, 5
Suppose 2*m - 8 = -p + 4*p, 2*p = 3*m + 3. List the prime factors of (p/(-9))/((-4)/(-102)).
17
Let k(y) = -y**3 - 4*y**2 - 13*y + 11. What are the prime factors of k(-6)?
7, 23
Suppose 0*q - 5*q - 10 = 0, -2*q = -4*y + 148. List the prime factors of y.
2, 3
Let s be -2*-14*(-1)/4. Let r = s - -15. List the prime factors of r.
2
Let d = 59 + -38. What are the prime factors of d?
3, 7
Suppose 4*l = 2*i, 5*l + 2 = 2*i + 4. Suppose i*w - 15 = -w. What are the prime factors of w?
3
Let l be 0/(-4*1/(-2)). Let n = 7 - 7. What are the prime factors of l - (n + 3 + -13)?
2, 5
Suppose -2*t = 3*t - 5*j - 45, 0 = 3*t - j - 37. What are the prime factors of t?
2, 7
Suppose -2*h + 3*h = -2. Let m be 1 - (-2 - 0)/h. Suppose m = d - 2*d + 8. What are the prime factors of d?
2
Suppose h = 2*h + i + 1, 4*h - 8 = -i. Suppose 0*f - 4 = -h*o - f, 0 = 3*o - 4*f - 29. List the prime factors of o.
3
Suppose 2*i = -i + 36. Suppose -3*v + i = -0*v. What are the prime factors of (7/v)/(5/20)?
7
Let d = 14 + -5. What are the prime factors of (-2)/d - (-128)/9?
2, 7
Let r(k) = 3*k + 4*k - 1 + 3*k. List the prime factors of r(3).
29
Let g be -3*(0 + (-20)/(-12)). List the prime factors of g/(-2) + (-1)/(-2).
3
Let j(u) = -2*u + 17. What are the prime factors of j(-5)?
3
Suppose 6*z = 5*z + 4. Let x(n) = -n**2 + n - 1. Let i be x(0). Let d = i + z. What are the prime factors of d?
3
Let c(n) = -4*n + 0 - 2 + 5*n. What are the prime factors of c(5)?
3
Suppose -3*x = -7*x. Suppose -18 + 6 = -2*t - 4*r, x = -3*r + 9. Suppose a + 2*o = -2*a + 29, t = 4*o + 20. What are the prime factors of a?
13
Let a = 4 + 0. Suppose 2*j = a*x - 190, -j - 4*j + 136 = 3*x. Suppose 0 = 4*o - x + 11. What are the prime factors of o?
3
Suppose 0 = -5*g - 4*i + 137 + 69, 5*g = i + 186. Suppose -g = 4*q - 150. What are the prime factors of q?
2, 7
Let w(z) be the first derivative of z**5/30 + 5*z**4/24 + z**3/6 + 3*z**2/2 + 2. Let k(t) be the second derivative of w(t). What are the prime factors of k(-4)?
13
Suppose 3*j + 5*b - 230 - 265 = 0, -2*b = -2*j + 330. What are the prime factors of j?
3, 5, 11
Let q(s) be the third derivative of 17*s**4/8 - 6*s**2. List the prime factors of q(1).
3, 17
Let z be (4/5)/((-2)/(-5)). Let b(k) be the third derivative of k**5/30 - k**4/24 + k**2. What are the prime factors of b(z)?
2, 3
Let v(y) = 20*y - 1. List the prime factors of v(4).
79
Suppose -6*r - r = -2821. What are the prime factors of r?
13, 31
Let l = -125 - -216. List the prime factors of l.
7, 13
Let d(k) = k**2 - 1. Let p(b) = 3*b**2 + 6*b + 6. Let u(o) = -4*d(o) + p(o). List the prime factors of u(7).
3
Let x = -115 - -27. List the prime factors of 21/(-14)*x/6.
2, 11
Let z be 1 - -5 - (-6 + 3). Let x = 14 - z. List the prime factors of x.
5
Let c(z) = 5*z**3 + 3*z**2 + 3*z + 3. Let o be c(-2). Let m = -17 - o. Let u = m - 4. What are the prime factors of u?
2, 5
Suppose 2*b = w + 2*w + 4, -4*w - 4*b + 8 = 0. Suppose 4*p = -5*k + 9 - 1, -5*p + 3*k + 47 = w. What are the prime factors of p?
7
Suppose 3*f - 6 = -0*f. Suppose 5*h - 5*t + 130 = 0, -f*h + 84 = -5*h - 3*t. Let v = -13 - h. What are the prime factors of v?
2, 7
Let b be 1 - (-1*2 + 1). Suppose -b*v - v + 30 = 0. List the prime factors of v.
2, 5
Let c = -5 + 5. Let o(m) = m**3 - m**2 - m + 19. What are the prime factors of o(c)?
19
Suppose -4*x = -169 - 687. What are the prime factors of x?
2, 107
Let j(t) = -1. Let q(x) = 12*x - 4. Let g(z) = -3*j(z) + q(z). What are the prime factors of g(2)?
23
Let m be (-7 - 39)*5/(-2). Suppose 5*p - 325 = -m. Suppose -12*h = -9*h - p. What are the prime factors of h?
2, 7
Let c be (4 - (0 - -3)) + -2. What are the prime factors of (32/(-2))/(c/2)?
2
Let h(r) be the second derivative of 5*r**3/3 - r**2/2 - 2*r. Let y be h(4). Let u = -28 + y. What are the prime factors of u?
11
Let v = 61 + 31. List the prime factors of v.
2, 23
Let n(q) = -5*q + 6. Suppose 1 = -2*z - 9. What are the prime factors of n(z)?
31
Let r be 12/(-8)*4/(-3). Suppose -12 + r = -5*n. List the prime factors of n.
2
Let i = -7 + 13. Let a = 9 - i. Suppose h + a = 12. List the prime factors of h.
3
Let c = -15 + 245. List the prime factors of c.
2, 5, 23
Let b be 2/(-3)*66/(-4). Let g be (-6)/33 - (-2)/b. List the prime factors of g/1 - (-2 + -9).
11
Let y = -12 + 17. Suppose 0 = -y*n - v + 29, -30 = -5*n + 3*v + 3. Suppose 0 = 3*j - n*j + 6. List the prime factors of j.
2
Suppose -4*u + 144 = 8*q - 4*q, 0 = 3*q - 5*u - 116. Let a be (-2)/7 - q/(-7). Suppose a*f - g - 20 = 20, 5*g = 4*f - 53. List the prime factors of f.
7
Let z = 5 - 4. Let m(y) = 10*y**2 + y - 1. What are the prime factors of m(z)?
2, 5
Suppose 3*p + 3 = 12. What are the prime factors of 3 + 66/(0 + p)?
5
Suppose -10 = -2*b + 10. What are the prime factors of b?
2, 5
Suppose f - 3*x + 9 = -2, x + 57 = -4*f. Let q = 30 + f. List the prime factors of q.
2
Let x(n) be the first derivative of -n**4/4 - 5*n**3/3 + 2*n**2 - 2*n + 4. Suppose -25 = 5*z + 5. What are the prime factors of x(z)?
2, 5
Suppose -59 - 42 = -4*l - 5*d, -2*l + 2*d = -46. Suppose 5*n + 31 + l = 0. Let k = 20 + n. List the prime factors of k.
3
Let o = -252 + 387. What are the prime factors of o?
3, 5
Suppose 3 + 3 = 2*z. Suppose -z*a + 21 = -30. List the prime factors of a.
17
Suppose -5*r = -4*q - 226, -r + 3*r + 2*q = 94. List the prime factors of r.
2, 23
Suppose 26 = 5*o + 6. Suppose -o*h + 5 = t - 11, -2*t + 24 = 4*h. Suppose -4*d - 29 = -x, -2*x - 5*d + t*d + 38 = 0. What are the prime factors of x?
13
Suppose 5 = j - 0*j. Suppose -2*v + 1 = m, m - v = v + j. Suppose 2*c - 30 = x, 2*c - m*x = 55 - 21. List the prime factors of c.
2, 7
Let i(w) = 2*w**3 - 4*w**2 + 4*w. Let r be i(3). List the prime factors of (-403)/(-15) + 4/r.
3
Let m(u) = -4*u - 6. Let d(s) = -s**3 - 7*s**2 + 9*s + 11. Let c be d(-8). Suppose -2 + 14 = -c*i. List the prime factors of m(i).
2, 5
Suppose -2*x = -2*q - 14, -3*q = 4*x - 22 - 20. Suppose -4*c = -x*p + 4*p + 80, 0 = -p - 4*c + 16. List the prime factors of p.
2
Suppose k - 46 = 4*q, -k - 5*q + 20 = -17. Suppose -m + u = -k, 2*m + u = 68 + 13. What are the prime factors of m?
41
Let h = 2 - 0. Suppose 24 = h*p + p + 3*v, 20 = 3*p + v. List the prime factors of p.
2, 3
Suppose 5*p + 24 = -31. Let a = 5 - p. What are the prime factors of a?
2
Let k(a) = -a**3 + a - 1. Let j(b) = 5*b**3 + 3*b - 4. Suppose 0 = m - 0*m + 1. Let u(t) = m*j(t) + 3*k(t). List the prime factors of u(-1).
3
Let o = 30 + 3. Suppose 3*h - 4*h + o = 0. Suppose -5*r + h = -17. List the prime factors of r.
2, 5
Suppose 3*m + f = 92, -m + 41 - 5 = 3*f. Let b = -7 + m. List the prime factors of b.
23
Suppose -17 = -4*f + 3. List the prime factors of f.
5
Let j(a) = 21*a**3 - a**2 + a + 1. Let t be j(-1). List the prime factors of (-258)/(-33) - 4/t.
2
Let v = -31 - -105. What are the prime factors of v?
2, 37
Let w = -63 + 104. What are the prime factors of w?
41
Suppose -3 = -w + 1. Suppose -5*b + w*b + 18 = 0. List the prime factors of b.
2, 3
Suppose 4*z - 2*z = 10. What are the prime factors of z?
5
Suppose 4*i - 69 = 5*j + 20, i + 9 = -5*j. Let b be 1 - -1 - i/(-8). Suppose -4*v = 3*n - 49, 0*v + 50 = b*v + 2*n. What are the prime factors of v?
13
Suppose 4*y - 4 = -24. Let c be (3/y)/((-1)/5). List the prime factors of (-1 - -6) + (2 - c).
2
Let w = 6 - 2. Suppose 0 = -w*d + 4*s + 15 + 41, 3*s = 5*d - 62. List the prime factors of d.
2, 5
Let n = 131 - 89. List the prime factors of n.
2, 3, 7
Let y(i) = 3*i**3 - 5*i**2 - i - 6. Let m(p) = 2 - 8 + 4*p**3 + 0*p**2 - 5*p**2. Let a(z) = -2*m(z) + 3*y(z). What are the prime factors of a(6)?
2, 3
Suppose -w - f - 8 = 0, 5*w + 23 = 5*f + 3. Let j = 6 + w. Suppose j = -t - 3*t + 20. List the prime facto